mon divisor of a and v?
40
Let y(k) = -k**3 - 33*k**2 + 276*k - 136. Let h be y(-40). Let g = -7 - -151. What is the greatest common divisor of g and h?
24
Let c(j) = j + 13. Let x(d) = -d**2 + 9*d - 2. Let w be x(10). Let u be c(w). Calculate the highest common factor of u and 4.
1
Let r = -227 + 229. What is the greatest common factor of 38 and r?
2
Let k = -38 + 40. Suppose -k*x = -6, -j = 3*j + 2*x - 26. Calculate the greatest common divisor of 2 and j.
1
Let r be 3*(1 + 3)*16/6. Calculate the highest common factor of r and 176.
16
Let o(c) = 4*c**2 - 68*c + 86. Let m be o(17). Calculate the highest common factor of 4 and m.
2
Let k(o) = -o + 32. Let l be k(0). Suppose -4*i + 127 + 25 = 0. Suppose 8*w - i = 26. What is the highest common divisor of l and w?
8
Let v = 4 + 0. Suppose 0 = -n + 5*w + 9 + 2, v*n + 2*w - 66 = 0. Let d = -130 + 258. Calculate the greatest common factor of n and d.
16
Suppose 0 = -26*h + 23*h + 1242. Calculate the greatest common divisor of 6 and h.
6
Suppose 5*z = 5*s - 70, 2*z - 3*s = -23 - 9. Let r = z - -28. Let f be (-4 - -4) + r - -3. Calculate the highest common factor of f and 105.
21
Let y = 14 + -16. Let j be y/(((-12)/(-2810))/(-3)). Let x be (-2)/2 - j/(-5). Calculate the highest common divisor of 28 and x.
28
Let n(q) = -39*q - 3. Let k be n(-6). Let p be (1 + -2)/((-6)/198). Calculate the highest common factor of k and p.
33
Suppose l = -5*t + 18, -3*l - 3*t + 74 - 20 = 0. Calculate the greatest common factor of l and 774.
18
Suppose 0 = -2*g + 4*g - 112. Suppose 16 = 6*l - 26. Calculate the greatest common divisor of g and l.
7
Let q(n) = -n**3 - 17*n**2 - 30*n + 5. Let h be q(-15). Calculate the greatest common divisor of h and 18.
1
Suppose 0 = j - a - 17, 3*a + 21 = -4*j + 5*j. What is the highest common divisor of j and 735?
15
Let o be 1/(-2) + (1539/2)/1. Let r be o/4 + (3 - -3)/(-24). Calculate the highest common factor of 12 and r.
12
Suppose 0 = -2*r - 5*d + 130, r - 7*d - 71 = -11*d. Let g = 75 - r. Calculate the highest common divisor of 140 and g.
20
Let u(q) = -q**3 - 5*q**2 + q + 8. Let h be u(-5). Suppose -d - 24 - 16 = 4*m, 2*d = 2*m + 10. Let b = 11 + m. Calculate the greatest common divisor of b and h.
1
Let p be (9 + 3/((-6)/(-2)))/1. Let n be (176/(-55))/((-2)/p). Calculate the greatest common factor of n and 144.
16
Let p(m) = -11*m - 1. Let o be p(-2). Suppose 0 = 2*j - u - 83, 5*u + 32 = 4*j - 143. Let t be (j - 0) + 0 - -2. What is the greatest common divisor of o and t?
21
Let r = 736 + -309. What is the highest common divisor of r and 14?
7
Suppose 0 = 5*g + 10, 2*u - 50 = -0*g + 4*g. Calculate the highest common divisor of 77 and u.
7
Let w be (2/(-3))/((-14)/2289). Suppose 3*z + 117 = 4*f, -4*f + 2*z = -13 - w. Let h = -32 - -35. Calculate the greatest common factor of f and h.
3
Let h(g) = -g**3 + 19*g**2 - 19*g + 42. Let i be h(18). What is the greatest common divisor of i and 9?
3
Suppose -r = r - 64. Let h(m) = 8*m + 84. Let s be h(-10). Calculate the highest common factor of s and r.
4
Let k(p) = p**2 - 19*p + 36. Let x be k(34). What is the greatest common factor of 84 and x?
42
Let x(t) = 17*t + 15. Let a be x(5). Let d = a + -12. Let l = 7 + 4. What is the greatest common factor of l and d?
11
Let q(c) = 30*c**3 - 3*c**2 + 16*c - 22. Let f be q(2). Calculate the greatest common divisor of 34 and f.
34
Let g(c) = c**3 + 4*c**2 + c - 2. Let y be g(-2). Let q be (12/(-6))/(y/(-10)). What is the greatest common factor of 20 and q?
5
Let l = 5 + 0. Suppose 25 = -l*u, 0 = 4*q - 0*q - 4*u - 84. Let g be 18 + ((-4)/2 - 0). Calculate the greatest common factor of q and g.
16
Suppose o - 2*m = 195, 8*o + 947 = 13*o - 3*m. What is the greatest common divisor of o and 55?
11
Suppose -7*w + 10*w = -3*c + 141, -3*c = -2*w - 116. Let i be (20/(-30))/(2/(-6)). Suppose 12 = i*r - 0*r. Calculate the greatest common factor of r and c.
6
Suppose -6*c + 1 = -5. Suppose -v = -19 + c. Calculate the highest common divisor of v and 12.
6
Let k(h) = -h**3 - 6*h**2 - 4*h + 17. Suppose -5*p + p = 20. Let j be k(p). Let g be 23 + -1*(0 + -1). What is the highest common factor of g and j?
12
Let v(l) = -2*l**2 + 103*l + 103. Let p be v(52). What is the greatest common factor of 204 and p?
51
Let n be (-14)/4*(19 + -3 - -2). Let z = 126 + n. What is the highest common divisor of 693 and z?
63
Suppose 15 = -9*z - 21. Let w be (-44)/(-22)*z/(-2)*5. What is the highest common factor of 30 and w?
10
Let c be (-2)/(2/10 + (-5)/20). Let y be (-9)/(-6)*1*c/3. Calculate the greatest common factor of 4 and y.
4
Let r = 57 - 69. Let n(w) = w**2 + w - 33. Let m be n(r). Let p(l) = -l**3 - 2*l**2 - l - 3. Let j be p(-3). Calculate the highest common divisor of j and m.
9
Suppose 0 = -2*d + 5*p + 502, 3*p + 1018 = 4*d - 0*p. Calculate the greatest common divisor of 32 and d.
32
Let j(i) = i**3 + 4*i**2 - 4*i - 4. Let q be j(4). Suppose 0 = -3*d + 9 - 90. Let g = 54 + d. Calculate the highest common divisor of q and g.
27
Let j(b) = b**2 - 11*b + 11. Let w be j(10). Let k be 63/6 + (1/2)/w. What is the greatest common factor of k and 88?
11
Let m = -921 - -965. Calculate the greatest common divisor of m and 10.
2
Let q = -98 + 118. What is the highest common factor of 110 and q?
10
Let z be ((-595)/105)/((-1)/24). Let d be -17*(-1)/(0 + 1). What is the highest common divisor of d and z?
17
Suppose 4*h = 5*k - 179, -7*k = -2*k - 2*h - 187. What is the greatest common divisor of k and 819?
39
Let s = 1022 - 1019. What is the greatest common factor of 13 and s?
1
Suppose 1 + 89 = 3*f. Let q(n) = 8*n**2 + 3*n - 1. Let o be q(2). Suppose 38 + o = 5*z. Calculate the highest common factor of f and z.
15
Let c(v) = v**2 - 9*v - 7. Let i be c(10). Suppose h = -2*b - 2*b + 240, 0 = 4*b + i*h - 240. Calculate the greatest common factor of 150 and b.
30
Let y be -5 - -4*(-565)/(-20). What is the highest common divisor of 189 and y?
27
Suppose -4*r = -9*r + 80. Suppose -r*w + 510 = w. Calculate the highest common factor of 20 and w.
10
Suppose 3*j = -2*c + 162, -4*c = -j - 4*j - 368. Let i = -58 + c. Let z = -17 + i. What is the highest common divisor of z and 108?
12
Let o(c) = -16*c - 13. Let x(t) = 24*t + 20. Let h(u) = 8*o(u) + 5*x(u). Let s be h(-4). Calculate the greatest common factor of 70 and s.
14
Let g(z) = -68*z - 161. Let h be g(-7). Calculate the greatest common factor of 70 and h.
35
Let m = 994 - 980. What is the highest common divisor of m and 98?
14
Let o = 63 + -48. Suppose -o*f + 20*f = 135. Let c = 8 - 5. Calculate the highest common factor of c and f.
3
Let l(q) = q**3 + q**2 - 2*q - 1. Let c be l(0). Let f be ((-40)/c)/(-10 - -12). Calculate the highest common divisor of 5 and f.
5
Let w = 15 - 15. Suppose w = f - 4*f + 12, 0 = -n - f + 6. Calculate the highest common divisor of 16 and n.
2
Suppose 80 = -8*j + 13*j. Let u be j/((2 - 3)*-1) + 2. Calculate the highest common divisor of u and 234.
18
Let n(g) = 3*g**3 + 23*g**2 - g - 6. Let p be n(6). What is the highest common divisor of 24 and p?
24
Let h be (19 + -2)/((-2)/(-2)). Suppose 5 - 88 = n. Let w = -49 - n. Calculate the greatest common divisor of h and w.
17
Let u(b) be the second derivative of -b**4/12 - b**3/2 - b**2 + 2*b. Let x be u(-6). Let r = -10 - x. Calculate the highest common factor of r and 10.
10
Let r = 32 - -178. Calculate the greatest common divisor of r and 180.
30
Let d be (18/(-5))/((-1)/5). Let b(o) = 10*o - 5. Suppose 0 = -x, -2*f - 2 = 3*x - 12. Let j be b(f). Calculate the greatest common divisor of j and d.
9
Suppose 5*d - 143 = 2*j, 8*d - 4*j = 6*d + 70. Calculate the greatest common factor of 45 and d.
9
Suppose 0 = -5*s + 3*s + 4, 4*v + 226 = s. Let f = 7 - v. What is the highest common divisor of 7 and f?
7
Let b(x) = 7*x + 18. Let h be b(0). Suppose -2*t + 3 = -5. Suppose -146 = -u - z, -3*u + 589 = t*z + 149. Calculate the highest common factor of u and h.
18
Let c(w) = -w**3 - 2*w**2 + w + 11. Let r be c(-6). Let v = -93 + r. What is the greatest common factor of v and 7?
7
Let d(c) = -2*c - 14. Let i be d(-9). Suppose -x = i*w - 2*w - 46, -4*w = 3*x - 90. Let q = -116 + 212. Calculate the highest common divisor of w and q.
24
Let u = -670 - -454. Let p be (u/30)/(6/(-20)). Calculate the highest common 